 g(6). Suppose 4*w - 53 = z. Let q be (3/(-5) + 1)*120. What is the highest common divisor of w and q?
16
Let m = -8 + 8. Suppose m = 2*a + 3*a - 285. Calculate the highest common factor of 38 and a.
19
Let z be (206/(-2))/(-4 - -3). Let d = z - 37. Let i = 22 + -16. What is the highest common factor of d and i?
6
Suppose 0*g - 12 = -4*g. Suppose -g*t + 22 = 1. Suppose -a - 3*a - 44 = -4*u, 2*a - 48 = -3*u. What is the highest common divisor of u and t?
7
Suppose 32 = 3*m - 1. Let p = m - -5. What is the greatest common divisor of p and 24?
8
Let w(r) = -2*r**3 - 22*r**2 - 2*r - 8. Let q be w(-11). Calculate the highest common divisor of 14 and q.
14
Suppose -c = -p + 14, 116 = 5*p - c + 38. Let a be 15/2*272/51. Calculate the highest common factor of p and a.
8
Let r(a) = a**2 + 12*a + 22. Let k be r(-12). Calculate the highest common divisor of k and 44.
22
Let h = 2 + 1. Suppose -2*d + 5*d + h*q = -6, 4*d - q - 7 = 0. Calculate the greatest common divisor of d and 1.
1
Let k(v) = v**2 - 2*v - 3. Let n be k(-2). Suppose 5*o = -5*d + 15, 2*o = 2*d - 6*d + 10. What is the greatest common factor of d and n?
1
Suppose 39 = 5*s + 4. Suppose -2*i - 4*d + 9 + s = 0, 0 = -4*d + 8. Suppose 0 = i*x - 6 - 6. What is the greatest common divisor of 9 and x?
3
Let i(q) = -q**2 + 9*q - 7. Let w be i(6). Let o be (0 + 20)/(5 - 4). Suppose -m + o = -90. Calculate the greatest common divisor of w and m.
11
Let t(w) = -64*w - 2. Let o be t(-2). Let s(k) = 4*k + 4 - k - 2*k + 0*k. Let f be s(10). What is the greatest common divisor of f and o?
14
Let g be (9/12)/((-5)/(-200)). Calculate the highest common divisor of 210 and g.
30
Let i(q) = 5*q**2 + 2*q + 4. Let g be i(3). Let f be (-18)/(-12)*46/(-3). Let j = 45 + f. Calculate the highest common factor of g and j.
11
Let b = -12 + 20. Calculate the greatest common factor of 12 and b.
4
Let k(w) = 7*w**2 + w. Let v be k(-1). Let y(j) = -j + 3. Let u be y(-21). Calculate the highest common factor of u and v.
6
Let d be -5 + (0 - (-2)/(-1)). Let z be (d/3)/(2/(-12)). Suppose 4*k - 48 - 456 = 0. What is the highest common factor of z and k?
14
Let q be (-4)/((-32)/(-114))*-8. Suppose -3*y = -y - 108. Let m = q - y. Calculate the greatest common divisor of m and 24.
12
Let c(r) = -3*r**2 + r - 1 + 1 + 2*r**3 - 1 + 2. Let x be c(2). What is the greatest common factor of x and 7?
7
Suppose 6 - 3 = z. Suppose z*b - b = -5*h + 9, -45 = -4*b - h. Let f = 10 + -6. What is the highest common factor of f and b?
4
Suppose -5*i - 440 = -5*x - 0*i, 4*x + i - 362 = 0. What is the highest common divisor of x and 5?
5
Let c be (1/2*-6)/(-1). Suppose -5*m + 90 = -c*w + w, -2*m = w - 36. Calculate the highest common divisor of m and 144.
18
Suppose y + y - 22 = 0. Let m = y + -5. Let b be 2/m - 76/(-6). What is the highest common factor of 13 and b?
13
Let o be (-2)/(-3) + (-174)/(-9). Let s be (-1 - -13) + -3 + 1. Let y = -6 + s. What is the greatest common divisor of y and o?
4
Let g be 3 + 4/(-2) + 18. Let z = g - 6. Let r(l) = 7*l**2 - 5*l - 7. Let m be r(5). What is the greatest common factor of z and m?
13
Let m = 14 - 11. Suppose h = -2*h. Let g(l) = -l**2 - l + 27. Let o be g(h). Calculate the highest common divisor of o and m.
3
Suppose 0*o = -5*q - o + 71, 0 = -2*q + 2*o + 38. What is the highest common divisor of q and 6?
3
Suppose 12*i - 272 = -5*i. Calculate the highest common divisor of 40 and i.
8
Let f be 3/((-2)/((-40)/15)). Calculate the highest common divisor of 52 and f.
4
Let a = -1 + 6. Suppose -2*n + 3*g + 28 = 2*n, a*g + 36 = 4*n. Let j = 97 - 53. Calculate the greatest common divisor of n and j.
4
Let p(g) = 12*g - 1. Let c be p(1). Suppose 5*y + c = 5*m + 61, 2*y = m + 11. Let t be 1 - 2 - (m - 2). What is the highest common divisor of 40 and t?
10
Suppose 8*v - 11*v = 9, -n + 2*v + 22 = 0. Calculate the highest common divisor of 16 and n.
16
Let u(z) = -4*z. Let o be u(-14). Suppose -o = -4*p + a - 3*a, 3*p - 52 = a. Calculate the highest common divisor of 40 and p.
8
Let q = -151 + 164. What is the greatest common factor of 78 and q?
13
Let d(g) = -g**2 + 11*g + 6 - g - 5. Let z be d(8). What is the greatest common factor of 17 and z?
17
Suppose c = -4*c + 75. Calculate the greatest common divisor of 10 and c.
5
Let n = 8 + -1. Calculate the greatest common factor of 7 and n.
7
Suppose 0 = 2*f - 44 + 28. What is the highest common factor of f and 2?
2
Suppose -y - 7*y + 216 = 0. Let q = 51 - 24. Calculate the greatest common divisor of q and y.
27
Let t(q) = -q**2 - 25*q - 19. Let f be t(-24). Calculate the greatest common divisor of f and 1.
1
Suppose -4*i = 5 - 25. Suppose -4*f - i*n = -534, 5*f = 2*n + 517 + 167. Calculate the greatest common factor of 17 and f.
17
Suppose 52 = 3*z - 71. Suppose z = -4*u - o - 64, 3*o + 15 = 0. Let v = u - -55. Calculate the highest common factor of 5 and v.
5
Suppose -3*p = 2*p - 30. Let d be (-1 - p)/(5/(-10)). Let g(k) = 2*k. Let v be g(1). Calculate the highest common factor of v and d.
2
Let f(h) = -h + 18. Let r be f(7). Calculate the greatest common divisor of 88 and r.
11
Let x(d) = d**3 + 8*d**2 + 5*d - 1. Let w be x(-7). Let c be 78/(1 + (-2)/6). What is the highest common divisor of w and c?
13
Let h be 14/4*(3 + -1). Suppose -u = 2*o - 52, o + 4 = 2. Calculate the highest common divisor of u and h.
7
Suppose -a - 2*a = -24. Suppose -4*s + 177 = -47. Calculate the greatest common factor of s and a.
8
Suppose u - 6 = -0*u. Let l(j) be the third derivative of 23*j**4/24 + j**3/3 - 4*j**2. Let g be l(2). Calculate the highest common divisor of u and g.
6
Suppose 52 = 5*o - 4*r, -6*o + o - r + 62 = 0. What is the greatest common divisor of o and 3?
3
Let v be 6/24 - (-67)/4. What is the greatest common factor of v and 17?
17
Suppose 0 = 5*v + 2*y - 10, -v + 20 = -0*v + 4*y. Suppose 5*o - z - 128 - 113 = v, -3*z = -3*o + 135. Calculate the highest common divisor of 7 and o.
7
Suppose -2*j - 3*v = -69, -3*j = 4*v + 50 - 152. Let o be 2 + -4 - (-78)/3. Suppose 0 = -4*l + 2*l + o. What is the greatest common divisor of l and j?
6
Let g = -2 + 14. Suppose k + g = -4*q, 3*q = k + 4*k + 14. Let t be (q/4)/(3/(-72)). Calculate the greatest common divisor of t and 48.
12
Let d = -469 - -748. Suppose -3*n + 75 = y, 5*y + 5*n = y + d. What is the greatest common factor of 22 and y?
22
Suppose 4*k - k = 594. Let c = -1 - -3. Suppose -33 = -c*n + l, -2*n + 87 = 3*n - l. Calculate the highest common factor of k and n.
18
Let p(k) = -k**2 + 5*k + 1. Let g be p(7). Let t = -8 - g. What is the highest common divisor of 15 and t?
5
Let l = -99 + 117. Calculate the highest common factor of 24 and l.
6
Suppose -22 = -l + 41. What is the highest common factor of 14 and l?
7
Let a = -11 + 7. Let n be (-4*14/a)/1. What is the greatest common divisor of n and 35?
7
Let q = 111 - 66. Calculate the highest common divisor of q and 15.
15
Suppose -t - 1 = -5, 3*q = -5*t + 317. What is the greatest common divisor of q and 11?
11
Let q(h) = -h**3 + 4*h**2 - 4*h + 7. Let v be q(3). What is the greatest common divisor of v and 1?
1
Let f = -31 + 41. What is the greatest common factor of 5 and f?
5
Suppose 0 = 27*u - 26*u - 18. What is the highest common factor of u and 99?
9
Suppose -2*y + 39 = 3*c, -2*y + 67 = 5*c + 2*y. Suppose -3*q = -2*l + 37, -3*l - q = 2*l - 50. What is the greatest common factor of c and l?
11
Suppose -w + 0*w = -15. Let b(n) = n**3 - 7*n**2 - 9*n + 8. Let t be b(8). Suppose t = -3*l - l + 20. What is the greatest common factor of w and l?
5
Let p(b) = -b + 4. Let w be p(-1). Calculate the highest common factor of 55 and w.
5
Suppose 0 = 4*j + j - 60. Suppose -j = -l + 8. Calculate the highest common factor of 10 and l.
10
Suppose -4*k - 4*q - 56 = 0, 4*q + 65 = -5*k - 0*q. Let i be 2/k - (-20)/9. Calculate the greatest common factor of 3 and i.
1
Suppose -155 = -5*o - b - 56, 0 = -5*o - 3*b + 97. Suppose p + o = 5*p. Calculate the greatest common divisor of 40 and p.
5
Let n be (-179)/(-9) - (-8)/72. Let v = 6 - 2. What is the highest common factor of v and n?
4
Let n(c) = 7*c + 15. Let w be n(12). What is the highest common factor of w and 9?
9
Suppose 5*b - 1011 = -3*w, -2*b = -w - 296 - 115. What is the highest common divisor of 12 and b?
12
Suppose -p = -6 -